{"id":17,"date":"2017-05-09T11:46:58","date_gmt":"2017-05-09T11:46:58","guid":{"rendered":"http:\/\/blogg.vm.ntnu.no\/tardigrada\/?page_id=17"},"modified":"2017-05-20T13:35:08","modified_gmt":"2017-05-20T13:35:08","slug":"bjornedyr","status":"publish","type":"page","link":"https:\/\/blogg.vm.ntnu.no\/tardigrada\/","title":{"rendered":"Bj\u00f8rnedyr i norske skoger"},"content":{"rendered":"<p>Bj\u00f8rnedyr er mikroskopiske sm\u00e5 dyr som finnes i mange ulike milj\u00f8:\u00a0Fra de dypeste hav til de h\u00f8yeste fjelltopper, fra Antarktis til tropene, i vann og p\u00e5 land. De er plassert i en egen rekke i livets tre og er kjent for deres evne til \u00e5 overleve ekstreme milj\u00f8forhold.<\/p>\n<p>Til tross for deres fascinerende biologi er kunnskapen om norske bj\u00f8rnedyr d\u00e5rlig og deres mangfold, utbredelse og \u00f8kologiske rolle i norske skoger er ikke dokumentert.<\/p>\n<p>I dette prosjektet \u00f8nsker vi \u00e5 unders\u00f8ke bj\u00f8rnedyrmangfoldet tilknyttet ulike substrat i norske skoger og utvide det nylig p\u00e5begynte DNA strekkodebiblioteket over norske bj\u00f8rnedyr. Prosjektet vil ogs\u00e5 unders\u00f8ke om milj\u00f8strekkoding av substrat er en effektiv m\u00e5te \u00e5 dokumentere bj\u00f8rnedyrs mangfold og utbredelse i skog p\u00e5.<\/p>\n","protected":false},"excerpt":{"rendered":"<p>Bj\u00f8rnedyr er mikroskopiske sm\u00e5 dyr som finnes i mange ulike milj\u00f8:\u00a0Fra de dypeste hav til de h\u00f8yeste fjelltopper, fra Antarktis til tropene, i vann og p\u00e5 land. De er plassert i en egen rekke i livets tre og er kjent for deres evne til \u00e5 overleve ekstreme milj\u00f8forhold. Til tross for deres fascinerende biologi er <a href=\"https:\/\/blogg.vm.ntnu.no\/tardigrada\/\" class=\"more-link\">\u2026 fortsett \u00e5 lese<span class=\"screen-reader-text\"> \u00abBj\u00f8rnedyr i norske skoger\u00bb<\/span><\/a><\/p>\n","protected":false},"author":1,"featured_media":0,"parent":0,"menu_order":0,"comment_status":"closed","ping_status":"closed","template":"","meta":{"_monsterinsights_skip_tracking":false,"_monsterinsights_sitenote_active":false,"_monsterinsights_sitenote_note":"","_monsterinsights_sitenote_category":0,"footnotes":""},"class_list":["post-17","page","type-page","status-publish","h-entry","hentry","h-as-page"],"_links":{"self":[{"href":"https:\/\/blogg.vm.ntnu.no\/tardigrada\/wp-json\/wp\/v2\/pages\/17","targetHints":{"allow":["GET"]}}],"collection":[{"href":"https:\/\/blogg.vm.ntnu.no\/tardigrada\/wp-json\/wp\/v2\/pages"}],"about":[{"href":"https:\/\/blogg.vm.ntnu.no\/tardigrada\/wp-json\/wp\/v2\/types\/page"}],"author":[{"embeddable":true,"href":"https:\/\/blogg.vm.ntnu.no\/tardigrada\/wp-json\/wp\/v2\/users\/1"}],"replies":[{"embeddable":true,"href":"https:\/\/blogg.vm.ntnu.no\/tardigrada\/wp-json\/wp\/v2\/comments?post=17"}],"version-history":[{"count":6,"href":"https:\/\/blogg.vm.ntnu.no\/tardigrada\/wp-json\/wp\/v2\/pages\/17\/revisions"}],"predecessor-version":[{"id":99,"href":"https:\/\/blogg.vm.ntnu.no\/tardigrada\/wp-json\/wp\/v2\/pages\/17\/revisions\/99"}],"wp:attachment":[{"href":"https:\/\/blogg.vm.ntnu.no\/tardigrada\/wp-json\/wp\/v2\/media?parent=17"}],"curies":[{"name":"wp","href":"https:\/\/api.w.org\/{rel}","templated":true}]}}