{"id":93,"date":"2009-09-28T13:21:13","date_gmt":"2009-09-28T11:21:13","guid":{"rendered":"http:\/\/blogg.vm.ntnu.no\/dylan\/?page_id=93"},"modified":"2014-02-03T15:33:41","modified_gmt":"2014-02-03T14:33:41","slug":"om-dylan","status":"publish","type":"page","link":"https:\/\/blogg.vm.ntnu.no\/dylan\/om-dylan\/","title":{"rendered":"Om DYLAN"},"content":{"rendered":"<div class=\"post sticky\">\n<div class=\"entry\">\n<p><strong style=\"font-weight: bold\">DYLAN<\/strong> er st\u00f8ttet av Norges Forskningsr\u00e5d, program Milj\u00f82015.<\/p>\n<p><strong style=\"font-weight: bold\">DYLAN<\/strong> involverer forskere fra universitetsmuseene i Oslo, Bergen, Trondheim og Troms\u00f8, Norsk institutt for kulturminneforskning (NIKU) og Scottish Natural Heritage (SNH).<\/p>\n<p>De fire omr\u00e5dene som er med i prosjektet er:<br \/>\n<em style=\"font-style: italic\">Erdalen og Sunndalen i Jostedalsbreen Nasjonalpark, Budalen landskapsvernomr\u00e5de, Dividalen landskapsvernomr\u00e5de og Nasjonalpark, Grimsdalen landskapsvernomr\u00e5de.<\/em><\/div>\n<div class=\"entry\"><strong>Kontaktinformasjon:<\/strong><\/div>\n<div class=\"entry\">\n<ul>\n<li> E-post til DYLAN: <a href=\"mailto:DYLAN@vm.ntnu.no\">DYLAN@vm.ntnu.no<\/a><\/li>\n<li> Prosjektleder Gunnar Austrheim, Seksjon for naturhistorie, NTNU Vitenskapsmuseet: <a href=\"mailto:gunnar.austrheim@vm.ntnu.no\">gunnar.austrheim@vm.ntnu.no<\/a>.<\/li>\n<\/ul>\n<\/div>\n<\/div>\n<!-- fragment of html for post template. This file will be deprecated... -->\r\n<!-- blog-in-blog Version: 2.0.1 -->\r\n<div class=\"post\">\r\n<!-- Post Headline -->\t\t\r\n<div class=\"post-headline\">\r\n<div style=\"float:left; margin:7px\"> <img alt='' src='https:\/\/secure.gravatar.com\/avatar\/e634555e128b7cf65ce45c31bafb27c5b580da358596eebb6c09c0720b2bb0ad?s=96&#038;d=mm&#038;r=g' srcset='https:\/\/secure.gravatar.com\/avatar\/e634555e128b7cf65ce45c31bafb27c5b580da358596eebb6c09c0720b2bb0ad?s=192&#038;d=mm&#038;r=g 2x' class='avatar avatar-96 photo' height='96' width='96' \/> <\/div>\r\n<h2>\r\n<a title=\"Permanent Link to \" rel=\"bookmark\" href=\"https:\/\/blogg.vm.ntnu.no\/dylan\/2011\/03\/14\/895\/\" id=\"895\" ><\/a>\r\n<\/h2>\r\n<small>Gunnar Austrheim : 14. mars 2011 12:08 :  <a href=\"https:\/\/blogg.vm.ntnu.no\/dylan\/category\/om-dylan\/\" title=\"Om DYLAN\" >Om DYLAN<\/a><\/small>\r\n\r\n<\/div>\r\n<!-- Post Body Copy -->\r\n\r\n<div class=\"post-bodycopy clearfix\"><p><strong>Prosjektledere\/kontaktpersoner for WP1 ved de ulike Universitetsmuseene<\/strong>:<\/p>\n<p><strong>Kulturhistorisk og naturhistorisk museum, Universitetet I Oslo<\/strong> (UIO) <strong>i samarbeid med<\/strong> <strong>Norsk institutt for Kulturminneforskning (NIKU): Grimsdalen<\/strong><\/p>\n<p>Karl Kallhovd, <a href=\"mailto:karl.kallhovd@khm.uio.no\">karl.kallhovd@khm.uio.no<\/a>, Seksjonsleder fornminne, Kulturhistorisk museum, UIO<\/p>\n<p>Kathrine Stene, <a href=\"mailto:kathrine.stene@khm.uio.no\">kathrine.stene@khm.uio.no<\/a> Forsker, Kulturhistorisk museum \u2013 UIO<\/p>\n<p>Vegar Bakkestuen, <a href=\"mailto:vegar.bakkestuen@nhm.uio.no\">vegar.bakkestuen@nhm.uio.no<\/a> Forsker, Naturhistorisk museum, UIO<\/p>\n<p>Ole Risb\u00f8l, <a href=\"mailto:ole.risbol@niku.no\">ole.risbol@niku.no<\/a>, Forsker, NIKU<\/p>\n<p><strong>Bergen Museum, Universitetet I Bergen (UIB): Sunndalen og Erdalen<\/strong><br \/>\nKari Loe Hjelle, <a href=\"mailto:Kari.Hjelle@bm.uib.no\">Kari.Hjelle@bm.uib.no<\/a>, F\u00f8rsteam. Bergen museum, De naturhistoriske samlinger, UiB<\/p>\n<p><strong>Troms\u00f8 Museum, Universitetet I Troms\u00f8 (UIT): Dividalen<\/strong><br \/>\nPer Johan Sj\u00f8gren, per.sjoegren@uit.no, Forsker, Seksjon for kulturvitenskap, UIT<\/p>\n<p><strong>NTNU Vitenskapsmuseet: Budalen<\/strong><br \/>\nThyra Solem, <a href=\"mailto:thyra.solem@vm.ntnu.no\">thyra.solem@vm.ntnu.no<\/a> Forsker, Seksjon for naturhistorie, NTNU Vitenskapsmuseet<\/p>\n<p><strong>Prosjektansvarlig WP2:<\/strong> Terje Brattli, <a href=\"mailto:terje.brattli@vm.ntnu.no\">terje.brattli@vm.ntnu.no<\/a> Forsker, Seksjon for arkeologi og kulturhistorie, NTNU Vitenskapsmuseet<\/p>\n<p><strong>Prosjektansvarlig WP3:<\/strong> Gunnar Austrheim, <a href=\"mailto:Gunnar.Austrheim@vm.ntnu.no\">Gunnar.Austrheim@vm.ntnu.no<\/a>, Des Thompson, Des.Thompson@snh.gov.uk<\/p>\n<p><strong>R\u00e5dgivingsgruppe:<\/strong><\/p>\n<p><strong> <\/strong><\/p>\n<p><strong>\u00d8kologi:<\/strong> John  Atle K\u00e5l\u00e5s, Artsdatabanken, NO, Des Thompson, Scottish Natural Heritage, UK<\/p>\n<p><strong>Arkeologi:<\/strong> Birgitte Skar, NTNU, NO,\u00a0 Hans Peter Blankholm UIT, NO (fra 2011), Reidar Bertelsen, UIT, NO (ut 2010), Eva Svensson, Karlstad University, S<br \/>\n<strong>Vegetasjonshistorie:<\/strong> John Birks, UIB, NO, Bent Odgaard, Aarhus  University, DK<br \/>\n<strong>Geografi:<\/strong> Michael Jones, Gunhild Setten NTNU, NO.<br \/>\n<strong>Historie:<\/strong> Aud Mikkelsen Tretvik, NTNU, NO<\/p>\n<\/div>\r\n<div class=\"post-comments\">Comments are closed<\/div>\t\r\n<\/div><!-- fragment of html for post template. This file will be deprecated... -->\r\n<!-- blog-in-blog Version: 2.0.1 -->\r\n<div class=\"post\">\r\n<!-- Post Headline -->\t\t\r\n<div class=\"post-headline\">\r\n<div style=\"float:left; margin:7px\"> <img alt='' src='https:\/\/secure.gravatar.com\/avatar\/e634555e128b7cf65ce45c31bafb27c5b580da358596eebb6c09c0720b2bb0ad?s=96&#038;d=mm&#038;r=g' srcset='https:\/\/secure.gravatar.com\/avatar\/e634555e128b7cf65ce45c31bafb27c5b580da358596eebb6c09c0720b2bb0ad?s=192&#038;d=mm&#038;r=g 2x' class='avatar avatar-96 photo' height='96' width='96' \/> <\/div>\r\n<h2>\r\n<a title=\"Permanent Link to Project description\" rel=\"bookmark\" href=\"https:\/\/blogg.vm.ntnu.no\/dylan\/2009\/10\/19\/prosjektbeskrivelse\/\" id=\"234\" >Project description<\/a>\r\n<\/h2>\r\n<small>Gunnar Austrheim : 19. oktober 2009 10:50 :  <a href=\"https:\/\/blogg.vm.ntnu.no\/dylan\/category\/english\/\" title=\"English\" >English<\/a>| <a href=\"https:\/\/blogg.vm.ntnu.no\/dylan\/category\/om-dylan\/\" title=\"Om DYLAN\" >Om DYLAN<\/a><\/small>\r\n\r\n<\/div>\r\n<!-- Post Body Copy -->\r\n\r\n<div class=\"post-bodycopy clearfix\"><p>Les PDF av prosjektbeskrivelsen <a href=\"http:\/\/blogg.vm.ntnu.no\/dylan\/files\/2009\/10\/DYLANFinal040608.pdf\" target=\"_blank\">her<\/a><\/p>\n<\/div>\r\n<div class=\"post-comments\">Comments are closed<\/div>\t\r\n<\/div><div class=\"bib_page_nav\"><span class=\"bib_prev_link_inactive\">\u00ab<\/span> Side <a href=\"\/dylan\/wp-json\/wp\/v2\/pages\/93?\" class=\"bib_page_number bib_selected\" style=\"font-weight:bold;\"\" > 1<\/a> <span class=\"bib_next_link_inactive\">\u00bb<\/span><\/div>\n","protected":false},"excerpt":{"rendered":"<p>DYLAN er st\u00f8ttet av Norges Forskningsr\u00e5d, program Milj\u00f82015. DYLAN involverer forskere fra universitetsmuseene i Oslo, Bergen, Trondheim og Troms\u00f8, Norsk institutt for kulturminneforskning (NIKU) og Scottish Natural Heritage (SNH). De fire omr\u00e5dene som er med i prosjektet er: Erdalen og Sunndalen i Jostedalsbreen Nasjonalpark, Budalen landskapsvernomr\u00e5de, Dividalen landskapsvernomr\u00e5de og Nasjonalpark, Grimsdalen landskapsvernomr\u00e5de. Kontaktinformasjon: E-post til <a href=\"https:\/\/blogg.vm.ntnu.no\/dylan\/2009\/10\/19\/prosjektbeskrivelse\/#more-234'\" class=\"more-link\">more \u00bb<\/a><\/p>\n","protected":false},"author":47,"featured_media":0,"parent":0,"menu_order":98,"comment_status":"closed","ping_status":"open","template":"","meta":{"_monsterinsights_skip_tracking":false,"_monsterinsights_sitenote_active":false,"_monsterinsights_sitenote_note":"","_monsterinsights_sitenote_category":0,"footnotes":""},"class_list":["post-93","page","type-page","status-publish","hentry"],"_links":{"self":[{"href":"https:\/\/blogg.vm.ntnu.no\/dylan\/wp-json\/wp\/v2\/pages\/93","targetHints":{"allow":["GET"]}}],"collection":[{"href":"https:\/\/blogg.vm.ntnu.no\/dylan\/wp-json\/wp\/v2\/pages"}],"about":[{"href":"https:\/\/blogg.vm.ntnu.no\/dylan\/wp-json\/wp\/v2\/types\/page"}],"author":[{"embeddable":true,"href":"https:\/\/blogg.vm.ntnu.no\/dylan\/wp-json\/wp\/v2\/users\/47"}],"replies":[{"embeddable":true,"href":"https:\/\/blogg.vm.ntnu.no\/dylan\/wp-json\/wp\/v2\/comments?post=93"}],"version-history":[{"count":1,"href":"https:\/\/blogg.vm.ntnu.no\/dylan\/wp-json\/wp\/v2\/pages\/93\/revisions"}],"predecessor-version":[{"id":1081,"href":"https:\/\/blogg.vm.ntnu.no\/dylan\/wp-json\/wp\/v2\/pages\/93\/revisions\/1081"}],"wp:attachment":[{"href":"https:\/\/blogg.vm.ntnu.no\/dylan\/wp-json\/wp\/v2\/media?parent=93"}],"curies":[{"name":"wp","href":"https:\/\/api.w.org\/{rel}","templated":true}]}}